
Suppose 4*h = 2*h. Suppose -356 = -4*t - h*t. Is t a composite number?
False
Is ((-1)/3)/((-3)/(-9)) + 699 composite?
True
Suppose 6*r + 6028 = 10*r. Is r a composite number?
True
Suppose -6*z + 220 + 1046 = 0. Is z a prime number?
True
Let d(v) = 32*v**2 - 2*v - 7. Let y be d(4). Suppose -2*s = -165 - y. Is s composite?
False
Suppose 5*o - 3*a - 222 = 0, 6*o - 26 = 5*o - 4*a. Suppose -14 = -3*x + 5*h, -4*h = -5*x + o + 3. Is x composite?
False
Suppose -2*r = -5*r + 30. Let x = -18 + r. Let s(l) = 2*l**2 + 12*l + 5. Is s(x) a composite number?
False
Let x(t) = -2*t + 2 + 11*t + t**2 + t**3 - 5*t**2 - t**2. Is x(7) a prime number?
True
Let c(v) = 6*v**2 - 2*v + 1. Suppose 0 = -3*d + g + 3*g, 3*g - 29 = -5*d. Is c(d) a composite number?
False
Let l(s) = s**2 - 6*s + 7. Let q be l(5). Suppose -4*p + 13 = -5*i, -8 = -6*p + p - q*i. Suppose 2*w - 6*a - 37 = -a, -p*w - a = -43. Is w composite?
True
Let t be (-4)/(-8)*(0 - 2). Is ((-1)/2)/(t/22) a prime number?
True
Suppose 2*k + 5*v - 30 = 0, -4 = -3*k + 2*v + 22. Let f be ((-15)/k)/((-6)/(-160)). Let t = f + 59. Is t prime?
True
Let v(w) = w**2 + 21. Suppose 3*m - 10 = -2*m. Suppose -3*o - m*o = 0. Is v(o) a composite number?
True
Let f be 6/(-2)*(-2)/(-6). Is (-53)/(-3)*(2 - f) prime?
True
Let b(r) = 27*r - 5. Is b(16) a composite number?
True
Is (-4 + 93/(-6))*(-8)/6 a prime number?
False
Let n be (-2)/3 + 6265/(-21). Let h = 8 - n. Is h a composite number?
False
Suppose 22 = -3*d - z + 6*z, -18 = 4*d - z. Suppose -2*g - 9 - 9 = 0. Is ((-6)/g)/(d/(-582)) prime?
True
Let x(o) = o**3 + o**2 + o - 66. Let r be x(0). Let y = 121 + r. Is y a prime number?
False
Let u(t) = 3*t**3 + 3*t**2 - 3*t - 1. Let k(o) = o**2. Let g(f) = 6*k(f) - u(f). Is g(-2) prime?
True
Suppose 0 = -5*a + 2*r + 625, 2*r = -2*a + 4*r + 244. Is a a prime number?
True
Suppose 282 = 3*n + 3*n. Let g = -4 + 6. Suppose -k = -g*k + n. Is k a prime number?
True
Let b = -2 + 1. Let o be 1 + -1 + b + 6. Suppose 340 = o*j + 15. Is j prime?
False
Let t(i) = i**2 - 4*i + 9. Let v(n) = -4 - 4*n + 2*n + 5 + 1. Let d be v(-2). Is t(d) a composite number?
True
Let u(j) = j**2 + j + 1. Let w be u(-2). Suppose 5*h = -0*h + d - 98, w*h - d = -60. Let y = h - -38. Is y prime?
True
Let u(h) = 7*h**2 + 5*h + 17. Is u(9) prime?
False
Suppose s - 296 = -s. Let u(d) = -d**3 - d**2 + d + 3. Let l be u(0). Suppose -n - l*n = -s. Is n a prime number?
True
Is (-2 - (-3 - 379) - -3) + 0 a prime number?
True
Suppose 2*q - 45 = j, -j - 60 = -3*q - 2*j. Suppose -x - q = -2*x. Is x a prime number?
False
Suppose q = -t + 1258, 3*q + 692 - 4461 = 2*t. Is q prime?
False
Suppose -4*r = -5*t - 3231, -3*r - t + 2*t + 2426 = 0. Is r a composite number?
False
Is 79/1 - (-8 - -8) a composite number?
False
Suppose -2*y = -2*z + 22, -2*y - y = -2*z + 17. Is 164*(-4 - (-108)/z) a prime number?
False
Let p be (47 + (-1)/1)/1. Suppose 0 = -n - n + p. Suppose -86 = -3*m - n. Is m a prime number?
False
Is ((-4)/6)/(6/(-6633)) composite?
True
Let s(a) = a**2 + a. Let l(m) = m**3 + m**2 + 3*m + 1. Let d(i) = -l(i) + 2*s(i). Let j be d(-1). Suppose -3*y + 2*u = -99, -j*u - 2*u = y - 19. Is y composite?
False
Suppose 2*s - 1381 = s. Let t = 886 - s. Let h = -232 - t. Is h composite?
False
Suppose 4*x - 14 = 6. Suppose 2*a + x*k + 0*k - 47 = 0, -5*k - 58 = -3*a. Is a a composite number?
True
Suppose 94 = 5*p - 3*p. Suppose q + 0*q - p = 3*x, 4*q - 218 = -3*x. Is q prime?
True
Let a = 22 - -15. Is a a composite number?
False
Let q = -2436 + 4021. Is q composite?
True
Let d(x) = 21*x + 2. Let q = 10 - 7. Suppose -p + q*p - 6 = 0. Is d(p) a composite number?
True
Suppose -200 = -v - 4*w, -3*v + 616 = -0*v + 4*w. Suppose -2*r = 3*u - 115 - 85, 4*r - v = -3*u. Suppose u + 29 = 3*j. Is j a prime number?
True
Suppose 3*g + 0 = -12. Let m = g - -4. Suppose m = 3*k + 15, 5*k = 3*c + 2*c - 90. Is c composite?
False
Let a(b) = 7*b - 3. Let s be a(2). Let w = 64 - s. Is w composite?
False
Suppose -5*m = -l - m + 25, -5*m - 68 = -3*l. Let u(i) = i**3 - i**2 + i + 1. Let w be u(4). Suppose -l = -2*z + w. Is z composite?
False
Suppose -6*o + 4*o + a + 10 = 0, 0 = a. Suppose -425 = -5*f + o*k, -5*k = f - 0*f - 85. Is f a composite number?
True
Let h be (15/(-6))/((-2)/4). Suppose -3*a = a - 8. Suppose h*m = a*m + 30. Is m prime?
False
Let f(v) be the first derivative of -29*v**3/3 + 2*v - 2. Let t be f(3). Let l = t + 386. Is l a prime number?
True
Suppose -4*u + 140 = 1300. Is (u/(-40))/(1/76) composite?
True
Is 1/(-6) - 38476/(-24) prime?
False
Suppose 0*o = o. Suppose -2*j = 3*b - 73, -b + o*b - 5*j + 46 = 0. Is b a prime number?
False
Suppose -f = -264 + 97. Is f a composite number?
False
Let y be 1 + 0 + (1 - 3). Let n = 11 + y. Is n prime?
False
Let g = 8 + 11. Is g a composite number?
False
Let y(v) = -407*v + 2. Is y(-1) composite?
False
Let a(r) be the second derivative of r + 1/6*r**4 + 1/2*r**2 + 0 + 1/6*r**3 - 1/20*r**5. Is a(2) composite?
False
Let g(t) = 5 - 8*t + 0 + 2. Suppose -6 = 2*x + 4. Is g(x) composite?
False
Let w be 3/9 - 178/(-6). Is 110/15*w/4 composite?
True
Suppose 952 = 4*t - 1220. Is t composite?
True
Let l(c) = -c**3 - 2*c**2 + c - 4. Let b be l(-3). Let y be -1*5/b*-44. Suppose 4*s - 2*s - y = 0. Is s a composite number?
True
Suppose 4*d - 6*d = 10. Let c = d - -4. Is -1 - (-76 - (1 - c)) prime?
False
Suppose 2*l = -2*f - 2, -f + 2*l = 3 + 7. Let j = f + 7. Suppose 4*z - j*p = -0*p + 140, 4*z + 3*p - 140 = 0. Is z a prime number?
False
Suppose w - 4*w = 0. Suppose -q - 3*x + 49 = w, -3*x + 7*x + 21 = q. Is q composite?
False
Suppose 23*b - 679 = 16*b. Is b a composite number?
False
Suppose -4*q + l = -7, q + q - 3 = l. Is (-4)/q - -1 - -128 prime?
True
Let r(f) = 31*f + 6*f**2 - 19 - 5*f + 3 - 13. Let o(i) = 2*i**2 + 9*i - 10. Let q(g) = -11*o(g) + 4*r(g). Is q(4) a prime number?
False
Let s be (-4)/(-12) - (-302)/3. Suppose 0 = -2*v - v - 2*d + 279, -v + 2*d = -s. Is v prime?
False
Let g(p) = -146*p**3 + p**2 - p. Let k be g(1). Suppose -3*d - 99 = -2*d. Let n = d - k. Is n a prime number?
True
Let y = 171 + -243. Let a = y + 103. Is a prime?
True
Let n(q) = -47*q. Is n(-7) prime?
False
Suppose 3*r = c - 3*c + 40, 5*c = 4*r + 54. Suppose 1 = 5*v - c. Suppose -259 = -v*l + 536. Is l a prime number?
False
Is 47502/162 - (-2)/(-9) prime?
True
Let z = 134 - -78. Let l = z + -115. Is l a composite number?
False
Let d = -13 + -2. Let h be (-135)/(-10)*8/3. Let o = h + d. Is o composite?
True
Let r = 335 - 555. Let l = -155 - r. Is l a prime number?
False
Suppose 6*v + 5 = 4*v + 3*k, -k = v - 5. Is 62 + (-4)/v + 5 prime?
False
Let f(n) = 47*n**2 - n + 1. Is f(-5) a prime number?
True
Suppose 0 = a + v - 228, -a - 2*v = 2*v - 234. Suppose -a - 23 = -3*c. Is c a prime number?
True
Let i be -1 + 2/3*-3. Let z be 1/((-3)/i)*21. Let g = 40 - z. Is g prime?
True
Let c be (-8)/(-6)*18/(-12). Is (-1 + 2 + -219)/c prime?
True
Suppose -4*k + 94 = -46. Is k a prime number?
False
Let z(q) = q**2 - 4*q + 13. Suppose -5*t + 2*t + 27 = 0. Is z(t) a composite number?
True
Suppose 2 = g - 2, -3*p + 13 = g. Let j(k) = 10*k + 1. Is j(p) prime?
True
Suppose 0 = h + 1. Let s be 1/(-2)*2/h. Suppose 4 = 2*c + 3*l - 5, s = c + 5*l. Is c composite?
True
Let v(p) = -p**3 - 6*p**2 - 7*p - 4. Let y be v(-4). Let i = -3 - y. Let d(q) = q**3 - 6*q**2 + 7*q - 7. Is d(i) a composite number?
False
Let j(d) = -d**3 + 4*d**2 - 6*d - 2. Is j(-5) composite?
True
Let x(q) = -q**3 - 14*q**2 - 13*q - 4. Let i be x(-13). Is 208 + (2 + -14)/i composite?
False
Let b(m) = 289*m**2 - 5. Is b(-2) composite?
False
Let b(a) = a**3 - 3*a**2 + 2*a. Let i be b(2). Let u be (i + -5)*1/(-1). Let j(o) = 5*o**2 - 7*o - 1. Is j(u) a composite number?
False
Let v be 20/2*(-4)/(-8). Suppose -v*l = -30 - 65. Is l prime?
True
Suppose 0 = -3*s + 5*s - 1354. Is s a composite number?
False
Let d = 985 + -344. Is d prime?
True
Let c(g) = -g**2 - 5*g - 1. Let r(j) = -j**2 - 3*j. Let o(i) = 3*c(i) - 5*r(i). Is o(5) composite?
False
Let v = 17 + -11. Suppose z + 35 = 2*w + 3, -w - 5*z - v = 0. Is w composite?
True
Let n be -2*29*(-3)/(-2). Is 1/3 - n/9 a prime number?
False
Let s(r) be the third derivative of -61*r**4/24 - r**3/2 - 3*r**2. Is s(-2) a composite number?
True
Let l(g) = g**2 + g + 1. Let t(y) = -y**3 + 5*y**2 + 5*y - 